). Calculate the greatest common factor of l and 36.
9
Let p be 7 + (0 - 3 - -2). Let t be p/27 + (-16)/(-9). Suppose t*z - 7*z = -10. What is the greatest common factor of z and 16?
2
Suppose 0 = 45*j + 310 - 3190. Calculate the greatest common divisor of 24 and j.
8
Let q(r) = -r**3 + 6*r**2 - 3*r + 4. Let x be 2 + -2 + 2 + 3. Suppose 0*p = x*p - 25. Let k be q(p). What is the greatest common divisor of k and 112?
14
Suppose -9 + 7 = -2*v. Suppose -3*r = -v - 47. Suppose 0*p + 512 = 4*p. What is the greatest common divisor of p and r?
16
Suppose -t + 3 = -4. Suppose -t = -a + 4. Let o = 0 + a. Calculate the highest common factor of 11 and o.
11
Suppose -5*y - 78 + 13 = 0. Let b be -1 - 0/1 - (y - 26). Let u(w) = -48*w - 1. Let m be u(-2). Calculate the highest common divisor of b and m.
19
Let g(x) = x**2 + 30*x + 211. Let v be g(-40). Calculate the greatest common divisor of v and 94.
47
Suppose -24*r + 27999 = 27*r. What is the greatest common divisor of r and 244?
61
Let b(f) = -f**3 - 97*f**2 - 191*f - 86. Let t be b(-95). Suppose 0 - 12 = -2*u. What is the greatest common divisor of u and t?
3
Let i(g) = -5*g - 1. Suppose 2*b - 8 = 6*b. Let a be i(b). Let o be 8 - (0 - 2)/2. Calculate the greatest common divisor of a and o.
9
Suppose 0 = q - 0 - 6. Let l = q - -1. Calculate the highest common divisor of 7 and l.
7
Let q be ((-12)/(-7))/(6/21 + 0). Let c(j) = j + 2. Suppose -6 + 2 = -m. Let s be c(m). What is the highest common divisor of q and s?
6
Suppose -5*p - 17 = -32. Suppose -3 = p*l - 18. Calculate the highest common factor of 15 and l.
5
Let t(b) = b**2 - 13*b + 130. Let k be t(10). What is the greatest common divisor of k and 10?
10
Suppose 39*j - 637 = 1313. Suppose -5*c + 1 = -99. Calculate the highest common factor of j and c.
10
Let m(j) = -1 + 17*j - 5 + 3 - 6. Suppose 4*d = 20 + 16. Let k be m(d). Calculate the greatest common factor of 16 and k.
16
Let a be 63/(-6)*(-24)/90*165. Calculate the highest common factor of 3 and a.
3
Let d = -7 - -187. What is the greatest common factor of d and 20?
20
Let n(b) = b**3 - 12*b**2 + 34*b - 3. Let c be n(8). Let k = 404 - 287. Calculate the greatest common divisor of c and k.
13
Suppose f = -y + 10, -2*f - 4*y + 3*y + 19 = 0. Calculate the highest common divisor of 171 and f.
9
Let j be 4/2*-2 - -1. Let y(o) = o**3 + 7*o**2 + 6*o + 6. Let u be y(j). What is the greatest common factor of 96 and u?
24
Suppose -10*g + 8*g = -112. Calculate the greatest common factor of g and 28.
28
Suppose -3*f = -2*f - 39. Suppose 5*z + 1 = -j, 36 = 3*j - 0*z + 2*z. Let i = 12 + j. What is the greatest common factor of i and f?
13
Let w = -102 + 162. Suppose -c = -5*c + w. Let h be (39/c + 1)*5. Calculate the greatest common divisor of 9 and h.
9
Let o(m) = m**2 - 2*m - 2. Let n be o(5). Let q = -12 + n. Suppose -q = -2*i + 13. Calculate the highest common factor of i and 49.
7
Suppose -3*y = 9*y. Suppose y = 12*b - 8*b - 384. Calculate the greatest common factor of 12 and b.
12
Let f = 232 + -220. Calculate the highest common factor of 39 and f.
3
Suppose -2*u + u = -5. Let v = -116 + 116. Suppose v = -8*d + 16*d - 360. Calculate the highest common factor of d and u.
5
Let m be -2 + (-1)/((-5)/270). Suppose -3*s + 5*s = m. What is the highest common divisor of 2 and s?
2
Suppose 47*f - 34*f = 78. Let z = 40 + -125. Let d be 2/(-4)*(z - -1). Calculate the greatest common divisor of d and f.
6
Let g be (-12)/126*-3 - 86/7. Let v be 3/((g/(-112))/3). Calculate the greatest common factor of v and 56.
28
Let j = 12 + -3. Let u = j - 7. Let x be u/4*(23 + 11). What is the highest common factor of x and 68?
17
Let l = 804 + -796. Calculate the greatest common factor of 36 and l.
4
Let v(i) = -2*i**2 + 25*i + 10. Let h be v(12). Calculate the greatest common factor of h and 2.
2
Suppose -4*k + 13 = -635. Let o = k + -106. Calculate the greatest common divisor of 14 and o.
14
Let d be 6/(-8) + (-9261)/(-108). Calculate the highest common divisor of d and 34.
17
Let n(s) = -s**2 - 24*s - 7. Let k be 1/(-4) + -83*2/8. Let i be n(k). Calculate the greatest common factor of i and 7.
7
Let r(n) = 3*n + 14. Let m be r(19). Let w = m + -51. Calculate the highest common factor of 30 and w.
10
Let o = 162 - 114. Let z(j) = j**2 + 11*j + 12. Let f be z(-12). Suppose k - 3*k - x + f = 0, 36 = 3*k + 4*x. Calculate the greatest common factor of k and o.
12
Let s = 1372 + -1340. What is the greatest common divisor of s and 1152?
32
Let l(r) = r**2 - 18*r - 43. Let q be l(20). Let p be (-8)/(-10)*(-15)/q. What is the greatest common divisor of p and 2?
2
Suppose 2*c - 276 = -4*a, -c = -4*a - 23 - 115. Calculate the greatest common divisor of 69 and c.
69
Let a be (-24)/28 - (1 - (-3325)/(-49)). Calculate the greatest common divisor of a and 638.
22
Suppose 3*u = -2*u + 5. Let q be (-1)/(-2)*1 - ((-1643)/(-62) + -27). Calculate the greatest common divisor of q and u.
1
Let v(u) = 6*u**2 + 2*u + 3. Let h be v(-6). Let g be ((-28)/7)/(-8)*(-1 - -47). Calculate the greatest common factor of h and g.
23
Let u = 30 - 34. Let w be (2/u)/(2/(-56)). Suppose 10*l + 164 = w*l. Calculate the highest common divisor of l and 82.
41
Let r(g) = g**3 + 12*g**2 + 20*g + 1. Let j = -48 + 38. Let m be r(j). Calculate the greatest common divisor of m and 3.
1
Let m(f) = 61*f**2 + 4*f - 5. Let n be m(1). Calculate the greatest common divisor of 480 and n.
60
Suppose 3*q - 42 = 12. Let j = q - 5. Suppose 0 = -4*t + 3 + j. Calculate the highest common factor of 12 and t.
4
Let k(f) = 13*f - 65. Let r be k(7). Calculate the greatest common factor of 299 and r.
13
Let g(s) = -15*s - 183. Let p be g(-17). What is the highest common divisor of 168 and p?
24
Let v = -24 - -42. Let r(y) = -55. Let s(x) = -x + 55. Let l(q) = 4*r(q) + 3*s(q). Let u be l(-19). Calculate the greatest common factor of v and u.
2
Suppose -9*d - 518 = -11*d. What is the highest common factor of d and 7?
7
Let q be 93 - (6/(-1))/2. Calculate the greatest common divisor of q and 32.
32
Let d(b) be the second derivative of -b**3/6 + 5*b. Let i be d(-7). Calculate the highest common factor of 21 and i.
7
Suppose 2*u + 40*g = 37*g + 459, -2*g = -5*u + 1176. Calculate the greatest common factor of 585 and u.
117
Let v(f) = f**2 + 6*f + 18. Let g be v(-10). Calculate the highest common divisor of 174 and g.
58
Suppose 4*c + 4*p - 120 = 0, 4*p = -0*c - 3*c + 88. Let n = -49 - -305. Calculate the greatest common divisor of n and c.
32
Suppose 3*u + 0*u = 1107. Suppose -381 = -5*n - 3*x, 2*n + 3*x = 7*n - u. Calculate the greatest common divisor of n and 15.
15
Suppose 7*l - 16 - 33 = 0. Suppose l*y - 18 - 122 = 0. Calculate the highest common divisor of y and 4.
4
Let d(i) = i**2 + 12*i - 4. Let s be d(-12). Let r be -3*(-10 - s) - -3. Calculate the greatest common divisor of 189 and r.
21
Let t be (23175/375)/(1/15). What is the highest common divisor of t and 18?
9
Let t be -3 + (2 - 10/(-5)) + 28. What is the highest common factor of t and 87?
29
Suppose -34*a + 1775 = 37*a. Calculate the greatest common divisor of 120 and a.
5
Let y be 15 - (5/(-5))/(1/(-3)). Suppose -y*n = -16*n + 32. What is the greatest common divisor of 1 and n?
1
Suppose -18*c + 15*c + 12 = 0. Suppose 0 = 2*n - 2*q - q - 159, 4 = c*q. Let t be (-2)/(-8) - (-70)/8. Calculate the highest common factor of t and n.
9
Let u be (50 + 2)*(-2)/(-4). Let l = -25998 - -44678. Let r be l/180 + 4/18. What is the highest common factor of u and r?
26
Suppose o - 5*b = 6*o - 100, 5*o - 3*b = 116. Let u be ((-101)/(-2))/(1/(-2)). Let d = u + 299. Calculate the highest common factor of d and o.
22
Suppose 5*j - 29 = 136. Let x be (-15)/(0 - 3) - 3. Let v = x - -9. Calculate the greatest common factor of v and j.
11
Suppose -7*h + 130 = -2*h. Let o = 1141 - 1102. What is the greatest common divisor of h and o?
13
Let c = -324 - -341. Calculate the highest common factor of 17 and c.
17
Let g = 54 - -30. Let c(f) = -f**3 - 5*f**2 + 9*f + 6. Let s be c(-8). What is the greatest common divisor of g and s?
42
Let z(k) = k**3 - 6*k**2 + 12*k + 14. Let d be z(5). What is the highest common divisor of 35 and d?
7
Suppose 4*d + 4*u = 200, -19*d + 4*u = -16*d - 143. Let w(n) = -n**3 - 14*n**2 - 13*n + 7. Let q be w(-13). Calculate